{"id":10,"date":"2017-05-29T11:38:48","date_gmt":"2017-05-29T09:38:48","guid":{"rendered":"http:\/\/kerb84.trost-eisenbach.de\/wordpress\/?page_id=10"},"modified":"2023-10-22T08:48:18","modified_gmt":"2023-10-22T06:48:18","slug":"blog","status":"publish","type":"page","link":"http:\/\/poetz.from-de.com\/wordpress\/1-kerbu-treffen-2019\/blog\/","title":{"rendered":"Aktuelles"},"content":{"rendered":"\n<h2>40 Jahre Kerbus von 1984<\/h2>\n\n\n\n<h3>Jubil\u00e4umskalender<\/h3>\n\n\n<div class=\"wp-block-calendar\"><table id=\"wp-calendar\" class=\"wp-calendar-table\">\n\t<caption>April 2026<\/caption>\n\t<thead>\n\t<tr>\n\t\t<th scope=\"col\" title=\"Montag\">M<\/th>\n\t\t<th scope=\"col\" title=\"Dienstag\">D<\/th>\n\t\t<th scope=\"col\" title=\"Mittwoch\">M<\/th>\n\t\t<th scope=\"col\" title=\"Donnerstag\">D<\/th>\n\t\t<th scope=\"col\" title=\"Freitag\">F<\/th>\n\t\t<th scope=\"col\" title=\"Samstag\">S<\/th>\n\t\t<th scope=\"col\" title=\"Sonntag\">S<\/th>\n\t<\/tr>\n\t<\/thead>\n\t<tbody>\n\t<tr>\n\t\t<td colspan=\"2\" class=\"pad\">&nbsp;<\/td><td>1<\/td><td>2<\/td><td>3<\/td><td>4<\/td><td>5<\/td>\n\t<\/tr>\n\t<tr>\n\t\t<td>6<\/td><td>7<\/td><td>8<\/td><td>9<\/td><td>10<\/td><td>11<\/td><td>12<\/td>\n\t<\/tr>\n\t<tr>\n\t\t<td>13<\/td><td>14<\/td><td>15<\/td><td>16<\/td><td id=\"today\">17<\/td><td>18<\/td><td>19<\/td>\n\t<\/tr>\n\t<tr>\n\t\t<td>20<\/td><td>21<\/td><td>22<\/td><td>23<\/td><td>24<\/td><td>25<\/td><td>26<\/td>\n\t<\/tr>\n\t<tr>\n\t\t<td>27<\/td><td>28<\/td><td>29<\/td><td>30<\/td>\n\t\t<td class=\"pad\" colspan=\"3\">&nbsp;<\/td>\n\t<\/tr>\n\t<\/tbody>\n\t<\/table><nav aria-label=\"Previous and next months\" class=\"wp-calendar-nav\">\n\t\t<span class=\"wp-calendar-nav-prev\"><a href=\"http:\/\/poetz.from-de.com\/wordpress\/2019\/05\/\">&laquo; Mai<\/a><\/span>\n\t\t<span class=\"pad\">&nbsp;<\/span>\n\t\t<span class=\"wp-calendar-nav-next\">&nbsp;<\/span>\n\t<\/nav><\/div>\n\n\n<div class=\"is-layout-flex wp-container-4 wp-block-columns\">\n<div class=\"is-layout-flow wp-block-column\" style=\"flex-basis:100%\">\n<div class=\"is-layout-flex wp-container-2 wp-block-columns\">\n<div class=\"is-layout-flow wp-block-column\">\n<h2><\/h2>\n\n\n\n<p>Im September 1984 feierten wir unsere Kerb in Eisenbach.<\/p>\n\n\n\n<p>Und nun, 40 Jahre sp\u00e4ter....<\/p>\n\n\n\n<p>Das Kapitel f\u00fcr unser Jubil\u00e4umsjahr ist noch nicht geschrieben, aber wir arbeiten daran.<\/p>\n\n\n\n<p>Ein paar Bilder von Damals findet ihr in der Rubrik \"History\", und ich muss sagen, wir haben uns so gut wie NICHT ver\u00e4ndert.<\/p>\n<\/div>\n<\/div>\n<\/div>\n<\/div>\n\n\n\n<h3><strong>Graf- Hanse- Tisch l\u00e4dt ein zum Verweilen<\/strong><\/h3>\n\n\n<p>Es begann auf einer Gemarkungsfahrt, ausgerichtet von den Kirmesburschen 84, die ihren G\u00e4sten die Gemarkung auf Traktoranh\u00e4ngern \u201eerfahrbar\u201c machten und an markanten Punkten Erl\u00e4uterungen gaben, kleine Geschichten erz\u00e4hlten und die Flurnahmen erkl\u00e4rten, die von der Jagdgenossenschaft oft auch auf Schildern ausgewiesen sind.<\/p>\n<p>Am Graf- Hannesse- Tisch konnte sich aber ein Mitfahrer, M. Kaiser, nicht damit anfreunden, dass der Brocken faulen Felses, der an der bezeichneten Stelle lag, wirklich das genannte Naturdenkmal sei. Sollten die Kindheitserinnerungen so sehr tr\u00fcgen?<\/p>\n<p>Schnell war man sich einig und St. Hartmann, Andy Gattinger und Mi. Kaiser trafen sich einige Zeit sp\u00e4ter, um die Sachlage noch einmal zu besprechen.<\/p>\n<p>\u00a0Der Graf- Hanse- Tisch war also seit l\u00e4ngerer Zeit verschollen, es gab aber Hinweise darauf, wo er denn hingekommen sein k\u00f6nnte. Mit Hilfe von Landwirt Daniel G\u00f6bel und Benjamin Zabel von der Gemeindeverwaltung wurde der Stein dann tats\u00e4chlich lokalisiert, jetzt galt es noch einen geeigneten Ort zu finden, an dem er w\u00fcrdig platziert werden konnte. Der Blick \u00fcber die Felder auf den Ort sollte frei sein und er m\u00f6ge auch nicht zu nah am Weg liegen, ein guter Ort zum Verweilen sollte entstehen.<\/p>\n<p>Ein solcher Platz wurde dann von Peter Schnierer, der auch zur Gruppe gesto\u00dfen war, vorgeschlagen und zur Verf\u00fcgung gestellt. Daniel G\u00f6bel brachte den Findling schlie\u00dflich mit schwerem Ger\u00e4t an seinen neuen Platz. Auf das Aufstellen eines Papierkorbs wurde bewusst verzichtet. Jetzt fehlten noch die B\u00e4nke, aus gutem Holz sollten sie sein- kein Problem, nach einem Gespr\u00e4ch mit dem F\u00f6rster Frank Zabel wurden sie von den M\u00e4nnern um B. Eisenbach im Handumdrehen angefertigt und aufgestellt.<\/p>\n<p>Ein paar Stufen wurden noch in die B\u00f6schung angelegt, die das Begehen der Anlage in Eigenverantwortung erleichtern sollen.<\/p>\n<p>Entstanden ist so eine wundersch\u00f6ne Anlage mit Blick \u00fcber die Gemarkung, erm\u00f6glicht durch das Engagement und den B\u00fcrgersinn der Beteiligten. Dank an alle, aber besonders an Peter, der seinen Grund zur Verf\u00fcgung gestellt hat.<\/p>\n<p><strong>Die Sage vom Graf- Hanse- Tisch<\/strong><\/p>\n<p>Graf Johann von Eichelbach, so erz\u00e4hlen die Alten aus Eisenbach, war ein sehr strenger Herrscher.<\/p>\n<p>Obwohl nicht alleiniger Besitzer von Eisenbach (Er teilte sich die Gemarkung Eisenbach noch mit Kur-Trier und Nassau), zwang er alle Eisenbacher B\u00fcrger, ihm im Felde zu Helfen. Einst, an einem sehr hei\u00dfen Sommertag sa\u00df er auf seinem Stuhl am Mittagtisch, bereit zum Mahl.<\/p>\n<p>Anstatt seine fronenden Untertannen zum Mittagessen zu entlassen, befahl er streng die Weiterarbeit.<\/p>\n<p>Sein \u00fcppiges Mahl war auf einem tonnenschweren Findling ausgebreitet und die Mahlzeit des Grafen sollte beginnen. Beim ersten Ton der Eisenbacher Kirchenglocke begann jedoch der Stein sich zu drehen, sodass Graf Johann sein Essen nicht mehr erreichen konnte.<\/p>\n<p>Verbl\u00fcfft trug er seinen Stuhl weiter und wollte erneut Platz nehmen. Abermals drehte sich der Stein, den sonst keine Dutzend M\u00e4nner gedreht h\u00e4tten.<\/p>\n<p>Als auch der dritte Versuch, seine Mahlzeit verzehren zu k\u00f6nnen, missling, ging dem gestrengen Herrn doch die Augen auf.<\/p>\n<p>Reum\u00fctig entlie\u00df er die hungernden Frauen und M\u00e4nner in ihre Behausungen.<\/p>\n<p>Diese kleine Begebenheit machte alsbald die Runde im Goldenen Grund.<\/p>\n<p>Der Graf nahm es als Fingerzeig des Himmels und besserte sich von Stunde an.<\/p>\n<p>Der Findling, der dem Herrn Graf damals als Tisch diente, konnte noch bis in die heutige Zeit gezeigt werden. Er hei\u00dft:\u201c Graf Hanse Tisch\u201c.<\/p>\n<h6 style=\"text-align: right;\"><strong>\u00a0<\/strong><strong>Stephan Hartmann und Michael Kaiser<\/strong><\/h6>\n\n\n<div class=\"wp-block-image\"><figure class=\"alignright size-large is-resized\"><img decoding=\"async\" loading=\"lazy\" src=\"http:\/\/poetz.from-de.com\/wordpress\/wp-content\/uploads\/2021\/03\/IMG_0781.jpeg\" alt=\"\" class=\"wp-image-1135\" width=\"276\" height=\"368\" srcset=\"http:\/\/poetz.from-de.com\/wordpress\/wp-content\/uploads\/2021\/03\/IMG_0781.jpeg 360w, http:\/\/poetz.from-de.com\/wordpress\/wp-content\/uploads\/2021\/03\/IMG_0781-225x300.jpeg 225w\" sizes=\"(max-width: 276px) 100vw, 276px\" \/><\/figure><\/div>\n\n\n\n<figure class=\"is-layout-flex wp-block-gallery-5 wp-block-gallery columns-3 is-cropped\"><ul class=\"blocks-gallery-grid\"><li class=\"blocks-gallery-item\"><figure><img decoding=\"async\" loading=\"lazy\" width=\"1024\" height=\"768\" src=\"http:\/\/poetz.from-de.com\/wordpress\/wp-content\/uploads\/2021\/03\/IMG_0768-1024x768.jpeg\" alt=\"\" data-id=\"1133\" data-full-url=\"http:\/\/poetz.from-de.com\/wordpress\/wp-content\/uploads\/2021\/03\/IMG_0768-scaled.jpeg\" data-link=\"http:\/\/poetz.from-de.com\/wordpress\/1-kerbu-treffen-2019\/blog\/img_0768-2\/\" class=\"wp-image-1133\" srcset=\"http:\/\/poetz.from-de.com\/wordpress\/wp-content\/uploads\/2021\/03\/IMG_0768-1024x768.jpeg 1024w, http:\/\/poetz.from-de.com\/wordpress\/wp-content\/uploads\/2021\/03\/IMG_0768-300x225.jpeg 300w, http:\/\/poetz.from-de.com\/wordpress\/wp-content\/uploads\/2021\/03\/IMG_0768-768x576.jpeg 768w, http:\/\/poetz.from-de.com\/wordpress\/wp-content\/uploads\/2021\/03\/IMG_0768-1536x1152.jpeg 1536w, http:\/\/poetz.from-de.com\/wordpress\/wp-content\/uploads\/2021\/03\/IMG_0768-2048x1536.jpeg 2048w, http:\/\/poetz.from-de.com\/wordpress\/wp-content\/uploads\/2021\/03\/IMG_0768-960x720.jpeg 960w\" sizes=\"(max-width: 1024px) 100vw, 1024px\" \/><\/figure><\/li><li class=\"blocks-gallery-item\"><figure><img decoding=\"async\" loading=\"lazy\" width=\"1024\" height=\"576\" src=\"http:\/\/poetz.from-de.com\/wordpress\/wp-content\/uploads\/2021\/03\/ee7c4a0b-99af-4590-a2f8-87ef5a3fbdef-1024x576.jpeg\" alt=\"\" data-id=\"1136\" data-full-url=\"http:\/\/poetz.from-de.com\/wordpress\/wp-content\/uploads\/2021\/03\/ee7c4a0b-99af-4590-a2f8-87ef5a3fbdef.jpeg\" data-link=\"http:\/\/poetz.from-de.com\/wordpress\/1-kerbu-treffen-2019\/blog\/ee7c4a0b-99af-4590-a2f8-87ef5a3fbdef-2\/\" class=\"wp-image-1136\" srcset=\"http:\/\/poetz.from-de.com\/wordpress\/wp-content\/uploads\/2021\/03\/ee7c4a0b-99af-4590-a2f8-87ef5a3fbdef-1024x576.jpeg 1024w, http:\/\/poetz.from-de.com\/wordpress\/wp-content\/uploads\/2021\/03\/ee7c4a0b-99af-4590-a2f8-87ef5a3fbdef-300x169.jpeg 300w, http:\/\/poetz.from-de.com\/wordpress\/wp-content\/uploads\/2021\/03\/ee7c4a0b-99af-4590-a2f8-87ef5a3fbdef-768x432.jpeg 768w, http:\/\/poetz.from-de.com\/wordpress\/wp-content\/uploads\/2021\/03\/ee7c4a0b-99af-4590-a2f8-87ef5a3fbdef-1536x864.jpeg 1536w, http:\/\/poetz.from-de.com\/wordpress\/wp-content\/uploads\/2021\/03\/ee7c4a0b-99af-4590-a2f8-87ef5a3fbdef-960x540.jpeg 960w, http:\/\/poetz.from-de.com\/wordpress\/wp-content\/uploads\/2021\/03\/ee7c4a0b-99af-4590-a2f8-87ef5a3fbdef.jpeg 1600w\" sizes=\"(max-width: 1024px) 100vw, 1024px\" \/><\/figure><\/li><li class=\"blocks-gallery-item\"><figure><img decoding=\"async\" loading=\"lazy\" width=\"1024\" height=\"576\" src=\"http:\/\/poetz.from-de.com\/wordpress\/wp-content\/uploads\/2021\/03\/97890106-b126-48b7-b6e8-1538e8733f14-1024x576.jpeg\" alt=\"\" data-id=\"1137\" data-full-url=\"http:\/\/poetz.from-de.com\/wordpress\/wp-content\/uploads\/2021\/03\/97890106-b126-48b7-b6e8-1538e8733f14.jpeg\" data-link=\"http:\/\/poetz.from-de.com\/wordpress\/1-kerbu-treffen-2019\/blog\/97890106-b126-48b7-b6e8-1538e8733f14-2\/\" class=\"wp-image-1137\" srcset=\"http:\/\/poetz.from-de.com\/wordpress\/wp-content\/uploads\/2021\/03\/97890106-b126-48b7-b6e8-1538e8733f14-1024x576.jpeg 1024w, http:\/\/poetz.from-de.com\/wordpress\/wp-content\/uploads\/2021\/03\/97890106-b126-48b7-b6e8-1538e8733f14-300x169.jpeg 300w, http:\/\/poetz.from-de.com\/wordpress\/wp-content\/uploads\/2021\/03\/97890106-b126-48b7-b6e8-1538e8733f14-768x432.jpeg 768w, http:\/\/poetz.from-de.com\/wordpress\/wp-content\/uploads\/2021\/03\/97890106-b126-48b7-b6e8-1538e8733f14-1536x864.jpeg 1536w, http:\/\/poetz.from-de.com\/wordpress\/wp-content\/uploads\/2021\/03\/97890106-b126-48b7-b6e8-1538e8733f14-960x540.jpeg 960w, http:\/\/poetz.from-de.com\/wordpress\/wp-content\/uploads\/2021\/03\/97890106-b126-48b7-b6e8-1538e8733f14.jpeg 1600w\" sizes=\"(max-width: 1024px) 100vw, 1024px\" \/><\/figure><\/li><li class=\"blocks-gallery-item\"><figure><img decoding=\"async\" loading=\"lazy\" width=\"1024\" height=\"274\" src=\"http:\/\/poetz.from-de.com\/wordpress\/wp-content\/uploads\/2021\/03\/75301588-2533-4e42-81da-fa21fd43fcaa-1-1024x274.jpeg\" alt=\"\" data-id=\"1138\" data-full-url=\"http:\/\/poetz.from-de.com\/wordpress\/wp-content\/uploads\/2021\/03\/75301588-2533-4e42-81da-fa21fd43fcaa-1.jpeg\" data-link=\"http:\/\/poetz.from-de.com\/wordpress\/1-kerbu-treffen-2019\/blog\/75301588-2533-4e42-81da-fa21fd43fcaa-3\/\" class=\"wp-image-1138\" srcset=\"http:\/\/poetz.from-de.com\/wordpress\/wp-content\/uploads\/2021\/03\/75301588-2533-4e42-81da-fa21fd43fcaa-1-1024x274.jpeg 1024w, http:\/\/poetz.from-de.com\/wordpress\/wp-content\/uploads\/2021\/03\/75301588-2533-4e42-81da-fa21fd43fcaa-1-300x80.jpeg 300w, http:\/\/poetz.from-de.com\/wordpress\/wp-content\/uploads\/2021\/03\/75301588-2533-4e42-81da-fa21fd43fcaa-1-768x206.jpeg 768w, http:\/\/poetz.from-de.com\/wordpress\/wp-content\/uploads\/2021\/03\/75301588-2533-4e42-81da-fa21fd43fcaa-1-1536x411.jpeg 1536w, http:\/\/poetz.from-de.com\/wordpress\/wp-content\/uploads\/2021\/03\/75301588-2533-4e42-81da-fa21fd43fcaa-1-960x257.jpeg 960w, http:\/\/poetz.from-de.com\/wordpress\/wp-content\/uploads\/2021\/03\/75301588-2533-4e42-81da-fa21fd43fcaa-1.jpeg 1576w\" sizes=\"(max-width: 1024px) 100vw, 1024px\" \/><\/figure><\/li><li class=\"blocks-gallery-item\"><figure><img decoding=\"async\" loading=\"lazy\" width=\"1024\" height=\"274\" src=\"http:\/\/poetz.from-de.com\/wordpress\/wp-content\/uploads\/2021\/03\/75301588-2533-4e42-81da-fa21fd43fcaa-1024x274.jpeg\" alt=\"\" data-id=\"1132\" data-full-url=\"http:\/\/poetz.from-de.com\/wordpress\/wp-content\/uploads\/2021\/03\/75301588-2533-4e42-81da-fa21fd43fcaa.jpeg\" data-link=\"http:\/\/poetz.from-de.com\/wordpress\/75301588-2533-4e42-81da-fa21fd43fcaa-2\/\" class=\"wp-image-1132\" srcset=\"http:\/\/poetz.from-de.com\/wordpress\/wp-content\/uploads\/2021\/03\/75301588-2533-4e42-81da-fa21fd43fcaa-1024x274.jpeg 1024w, http:\/\/poetz.from-de.com\/wordpress\/wp-content\/uploads\/2021\/03\/75301588-2533-4e42-81da-fa21fd43fcaa-300x80.jpeg 300w, http:\/\/poetz.from-de.com\/wordpress\/wp-content\/uploads\/2021\/03\/75301588-2533-4e42-81da-fa21fd43fcaa-768x206.jpeg 768w, http:\/\/poetz.from-de.com\/wordpress\/wp-content\/uploads\/2021\/03\/75301588-2533-4e42-81da-fa21fd43fcaa-1536x411.jpeg 1536w, http:\/\/poetz.from-de.com\/wordpress\/wp-content\/uploads\/2021\/03\/75301588-2533-4e42-81da-fa21fd43fcaa-960x257.jpeg 960w, http:\/\/poetz.from-de.com\/wordpress\/wp-content\/uploads\/2021\/03\/75301588-2533-4e42-81da-fa21fd43fcaa.jpeg 1576w\" sizes=\"(max-width: 1024px) 100vw, 1024px\" \/><\/figure><\/li><li class=\"blocks-gallery-item\"><figure><img decoding=\"async\" loading=\"lazy\" width=\"1024\" height=\"484\" src=\"http:\/\/poetz.from-de.com\/wordpress\/wp-content\/uploads\/2021\/03\/27328aa3-c65f-4b8c-aade-c96423c58eff-1024x484.jpeg\" alt=\"\" data-id=\"1131\" data-full-url=\"http:\/\/poetz.from-de.com\/wordpress\/wp-content\/uploads\/2021\/03\/27328aa3-c65f-4b8c-aade-c96423c58eff.jpeg\" data-link=\"http:\/\/poetz.from-de.com\/wordpress\/27328aa3-c65f-4b8c-aade-c96423c58eff-2\/\" class=\"wp-image-1131\" srcset=\"http:\/\/poetz.from-de.com\/wordpress\/wp-content\/uploads\/2021\/03\/27328aa3-c65f-4b8c-aade-c96423c58eff-1024x484.jpeg 1024w, http:\/\/poetz.from-de.com\/wordpress\/wp-content\/uploads\/2021\/03\/27328aa3-c65f-4b8c-aade-c96423c58eff-300x142.jpeg 300w, http:\/\/poetz.from-de.com\/wordpress\/wp-content\/uploads\/2021\/03\/27328aa3-c65f-4b8c-aade-c96423c58eff-768x363.jpeg 768w, http:\/\/poetz.from-de.com\/wordpress\/wp-content\/uploads\/2021\/03\/27328aa3-c65f-4b8c-aade-c96423c58eff-1536x727.jpeg 1536w, http:\/\/poetz.from-de.com\/wordpress\/wp-content\/uploads\/2021\/03\/27328aa3-c65f-4b8c-aade-c96423c58eff-960x454.jpeg 960w, http:\/\/poetz.from-de.com\/wordpress\/wp-content\/uploads\/2021\/03\/27328aa3-c65f-4b8c-aade-c96423c58eff.jpeg 1600w\" sizes=\"(max-width: 1024px) 100vw, 1024px\" \/><\/figure><\/li><li class=\"blocks-gallery-item\"><figure><img decoding=\"async\" loading=\"lazy\" width=\"1024\" height=\"576\" src=\"http:\/\/poetz.from-de.com\/wordpress\/wp-content\/uploads\/2021\/03\/334b6f81-c5f0-4cc9-833c-703d726a8a52-1024x576.jpeg\" alt=\"\" data-id=\"1130\" data-full-url=\"http:\/\/poetz.from-de.com\/wordpress\/wp-content\/uploads\/2021\/03\/334b6f81-c5f0-4cc9-833c-703d726a8a52.jpeg\" data-link=\"http:\/\/poetz.from-de.com\/wordpress\/334b6f81-c5f0-4cc9-833c-703d726a8a52-2\/\" class=\"wp-image-1130\" srcset=\"http:\/\/poetz.from-de.com\/wordpress\/wp-content\/uploads\/2021\/03\/334b6f81-c5f0-4cc9-833c-703d726a8a52-1024x576.jpeg 1024w, http:\/\/poetz.from-de.com\/wordpress\/wp-content\/uploads\/2021\/03\/334b6f81-c5f0-4cc9-833c-703d726a8a52-300x169.jpeg 300w, http:\/\/poetz.from-de.com\/wordpress\/wp-content\/uploads\/2021\/03\/334b6f81-c5f0-4cc9-833c-703d726a8a52-768x432.jpeg 768w, http:\/\/poetz.from-de.com\/wordpress\/wp-content\/uploads\/2021\/03\/334b6f81-c5f0-4cc9-833c-703d726a8a52-1536x864.jpeg 1536w, http:\/\/poetz.from-de.com\/wordpress\/wp-content\/uploads\/2021\/03\/334b6f81-c5f0-4cc9-833c-703d726a8a52-960x540.jpeg 960w, http:\/\/poetz.from-de.com\/wordpress\/wp-content\/uploads\/2021\/03\/334b6f81-c5f0-4cc9-833c-703d726a8a52.jpeg 1600w\" sizes=\"(max-width: 1024px) 100vw, 1024px\" \/><\/figure><\/li><li class=\"blocks-gallery-item\"><figure><img decoding=\"async\" loading=\"lazy\" width=\"1024\" height=\"484\" src=\"http:\/\/poetz.from-de.com\/wordpress\/wp-content\/uploads\/2021\/03\/2e578470-de98-443e-9a0b-e0588988c47f-1024x484.jpeg\" alt=\"\" data-id=\"1129\" data-full-url=\"http:\/\/poetz.from-de.com\/wordpress\/wp-content\/uploads\/2021\/03\/2e578470-de98-443e-9a0b-e0588988c47f.jpeg\" data-link=\"http:\/\/poetz.from-de.com\/wordpress\/2e578470-de98-443e-9a0b-e0588988c47f-2\/\" class=\"wp-image-1129\" srcset=\"http:\/\/poetz.from-de.com\/wordpress\/wp-content\/uploads\/2021\/03\/2e578470-de98-443e-9a0b-e0588988c47f-1024x484.jpeg 1024w, http:\/\/poetz.from-de.com\/wordpress\/wp-content\/uploads\/2021\/03\/2e578470-de98-443e-9a0b-e0588988c47f-300x142.jpeg 300w, http:\/\/poetz.from-de.com\/wordpress\/wp-content\/uploads\/2021\/03\/2e578470-de98-443e-9a0b-e0588988c47f-768x363.jpeg 768w, http:\/\/poetz.from-de.com\/wordpress\/wp-content\/uploads\/2021\/03\/2e578470-de98-443e-9a0b-e0588988c47f-1536x727.jpeg 1536w, http:\/\/poetz.from-de.com\/wordpress\/wp-content\/uploads\/2021\/03\/2e578470-de98-443e-9a0b-e0588988c47f-960x454.jpeg 960w, http:\/\/poetz.from-de.com\/wordpress\/wp-content\/uploads\/2021\/03\/2e578470-de98-443e-9a0b-e0588988c47f.jpeg 1600w\" sizes=\"(max-width: 1024px) 100vw, 1024px\" \/><\/figure><\/li><\/ul><\/figure>\n\n\n\n<h3>KerBu Treffen<\/h3>\n\n\n\n<p>Das n\u00e4chste KerBu \u2013 Treffen steigt am Samstag, 27.06.2020, Uhrzeit: wie immer, auf dem Tannehopp mit Exkurs zum GHT.<\/p>\n\n\n\n<p>Dort wird ein fr\u00fchgeschichtliches Ereignis von einer Laien \u2013 Schausteller \u2013 Truppe dargestellt.<\/p>\n\n\n\n<p><em>(\u201eEine wirklich denkw\u00fcrdige + fragw\u00fcrdige Darstellung<\/em>\u201c &nbsp;- Zitat Spiegel, Ausgabe vom 21.12.2012)<\/p>\n\n\n\n<figure class=\"wp-block-image\"><img decoding=\"async\" loading=\"lazy\" width=\"1024\" height=\"768\" src=\"http:\/\/poetz.from-de.com\/wordpress\/wp-content\/uploads\/2018\/10\/100_0449-1024x768.jpg\" alt=\"\" class=\"wp-image-455\" srcset=\"http:\/\/poetz.from-de.com\/wordpress\/wp-content\/uploads\/2018\/10\/100_0449-1024x768.jpg 1024w, http:\/\/poetz.from-de.com\/wordpress\/wp-content\/uploads\/2018\/10\/100_0449-300x225.jpg 300w, http:\/\/poetz.from-de.com\/wordpress\/wp-content\/uploads\/2018\/10\/100_0449-768x576.jpg 768w\" sizes=\"(max-width: 1024px) 100vw, 1024px\" \/><figcaption>\t\t\t\t\t\t<\/figcaption><\/figure>\n\n\n\n<figure class=\"wp-block-image\"><img decoding=\"async\" loading=\"lazy\" width=\"1024\" height=\"768\" src=\"http:\/\/poetz.from-de.com\/wordpress\/wp-content\/uploads\/2019\/10\/C938285F-E405-4B2F-8804-38AB6299E7B0-1024x768.jpeg\" alt=\"\" class=\"wp-image-1004\" srcset=\"http:\/\/poetz.from-de.com\/wordpress\/wp-content\/uploads\/2019\/10\/C938285F-E405-4B2F-8804-38AB6299E7B0-1024x768.jpeg 1024w, http:\/\/poetz.from-de.com\/wordpress\/wp-content\/uploads\/2019\/10\/C938285F-E405-4B2F-8804-38AB6299E7B0-300x225.jpeg 300w, http:\/\/poetz.from-de.com\/wordpress\/wp-content\/uploads\/2019\/10\/C938285F-E405-4B2F-8804-38AB6299E7B0-768x576.jpeg 768w, http:\/\/poetz.from-de.com\/wordpress\/wp-content\/uploads\/2019\/10\/C938285F-E405-4B2F-8804-38AB6299E7B0-960x720.jpeg 960w\" sizes=\"(max-width: 1024px) 100vw, 1024px\" \/><figcaption>Auf dem Weg nach Hause<\/figcaption><\/figure>\n\n\n\n<figure class=\"wp-block-image\"><img decoding=\"async\" loading=\"lazy\" width=\"1024\" height=\"768\" src=\"http:\/\/poetz.from-de.com\/wordpress\/wp-content\/uploads\/2017\/05\/DSCN2462-1024x768.jpg\" alt=\"\" class=\"wp-image-58\" srcset=\"http:\/\/poetz.from-de.com\/wordpress\/wp-content\/uploads\/2017\/05\/DSCN2462-1024x768.jpg 1024w, http:\/\/poetz.from-de.com\/wordpress\/wp-content\/uploads\/2017\/05\/DSCN2462-300x225.jpg 300w, http:\/\/poetz.from-de.com\/wordpress\/wp-content\/uploads\/2017\/05\/DSCN2462-768x576.jpg 768w\" sizes=\"(max-width: 1024px) 100vw, 1024px\" \/><figcaption>\t\t\t\t\t\t<\/figcaption><\/figure>\n\n\n\n<p><strong>Ist es September und die Kerb steht vor der T\u00fcr?<\/strong><\/p>\n\n\n\n<p><strong>-&nbsp;Na klar!<\/strong><\/p>\n\n\n\n<h2><\/h2>\n\n\n\n<p>Unsere&nbsp;<strong>GEMEINSAMEN<\/strong>&nbsp;Kerbeaktivit\u00e4ten werden sich wie immer auf die Tage Freitag und Montag konzentrieren!!<\/p>\n\n\n\n<p><strong>Der Ablauf f\u00fcr Freitag,&nbsp;27.09.2019:<\/strong><\/p>\n\n\n\n<figure class=\"wp-block-image\"><img decoding=\"async\" loading=\"lazy\" width=\"1024\" height=\"768\" src=\"http:\/\/poetz.from-de.com\/wordpress\/wp-content\/uploads\/2019\/10\/IMG_0558-1024x768.jpg\" alt=\"\" class=\"wp-image-1009\" srcset=\"http:\/\/poetz.from-de.com\/wordpress\/wp-content\/uploads\/2019\/10\/IMG_0558-1024x768.jpg 1024w, http:\/\/poetz.from-de.com\/wordpress\/wp-content\/uploads\/2019\/10\/IMG_0558-300x225.jpg 300w, http:\/\/poetz.from-de.com\/wordpress\/wp-content\/uploads\/2019\/10\/IMG_0558-768x576.jpg 768w, http:\/\/poetz.from-de.com\/wordpress\/wp-content\/uploads\/2019\/10\/IMG_0558-960x720.jpg 960w\" sizes=\"(max-width: 1024px) 100vw, 1024px\" \/><\/figure>\n\n\n\n<p>Wir treffen uns:<\/p>\n\n\n\n<p><strong>Ab ca. so um 19:46 Uhr&nbsp;<\/strong>(+\/- 10 Min.)<\/p>\n\n\n\n<p><strong>Am Brunnenplatz in Eisenbach<\/strong><\/p>\n\n\n\n<p>Dort schauen wir uns gemeinsam das Feuerwerk an.<\/p>\n\n\n\n<p>Danach geht es zum fr\u00f6hlichen Beisammensein!<\/p>\n\n\n\n<p>Kleiderordnung: Leichter Bieranzug!<\/p>\n\n\n\n<p><strong>Der Ablauf f\u00fcr Montag,&nbsp;30.09.2019:<\/strong><\/p>\n\n\n\n<figure class=\"wp-block-image\"><img decoding=\"async\" loading=\"lazy\" width=\"1024\" height=\"768\" src=\"http:\/\/poetz.from-de.com\/wordpress\/wp-content\/uploads\/2019\/10\/85EB9EB7-098D-4754-BE34-263C751D1E2D-1024x768.jpeg\" alt=\"\" class=\"wp-image-999\" srcset=\"http:\/\/poetz.from-de.com\/wordpress\/wp-content\/uploads\/2019\/10\/85EB9EB7-098D-4754-BE34-263C751D1E2D-1024x768.jpeg 1024w, http:\/\/poetz.from-de.com\/wordpress\/wp-content\/uploads\/2019\/10\/85EB9EB7-098D-4754-BE34-263C751D1E2D-300x225.jpeg 300w, http:\/\/poetz.from-de.com\/wordpress\/wp-content\/uploads\/2019\/10\/85EB9EB7-098D-4754-BE34-263C751D1E2D-768x576.jpeg 768w, http:\/\/poetz.from-de.com\/wordpress\/wp-content\/uploads\/2019\/10\/85EB9EB7-098D-4754-BE34-263C751D1E2D-960x720.jpeg 960w\" sizes=\"(max-width: 1024px) 100vw, 1024px\" \/><figcaption>Kerbe-Montag<\/figcaption><\/figure>\n\n\n\n<p>Alles wie immer!!!<\/p>\n\n\n\n<p>Treffpunkt ist um&nbsp;<strong>09:15 h<\/strong>&nbsp;an der Friedhofsmauer!<\/p>\n\n\n\n<p>Kleiderordnung: Eishocky - Shirt, orange Sweatshirts oder \u00e4hnliches<\/p>\n\n\n\n<p>Blumen sind bereits bestellt!!<\/p>\n\n\n\n<p><\/p>\n\n\n\n<p><\/p>\n\n\n\n<p><\/p>\n","protected":false},"excerpt":{"rendered":"<p>40 Jahre Kerbus von 1984 Jubil\u00e4umskalender Im September 1984 feierten wir unsere Kerb in Eisenbach. Und nun, 40 Jahre sp\u00e4ter.... Das Kapitel f\u00fcr unser Jubil\u00e4umsjahr ist noch nicht geschrieben, aber wir arbeiten daran. Ein paar Bilder von Damals findet ihr in der Rubrik \"History\", und ich muss sagen, wir haben uns so gut wie NICHT <a href=\"http:\/\/poetz.from-de.com\/wordpress\/1-kerbu-treffen-2019\/blog\/\" class=\"more-link\">...weiterlesen<span class=\"screen-reader-text\"> \"Aktuelles\"<\/span><\/a><\/p>\n","protected":false},"author":1,"featured_media":452,"parent":805,"menu_order":0,"comment_status":"closed","ping_status":"closed","template":"","meta":[],"_links":{"self":[{"href":"http:\/\/poetz.from-de.com\/wordpress\/wp-json\/wp\/v2\/pages\/10"}],"collection":[{"href":"http:\/\/poetz.from-de.com\/wordpress\/wp-json\/wp\/v2\/pages"}],"about":[{"href":"http:\/\/poetz.from-de.com\/wordpress\/wp-json\/wp\/v2\/types\/page"}],"author":[{"embeddable":true,"href":"http:\/\/poetz.from-de.com\/wordpress\/wp-json\/wp\/v2\/users\/1"}],"replies":[{"embeddable":true,"href":"http:\/\/poetz.from-de.com\/wordpress\/wp-json\/wp\/v2\/comments?post=10"}],"version-history":[{"count":20,"href":"http:\/\/poetz.from-de.com\/wordpress\/wp-json\/wp\/v2\/pages\/10\/revisions"}],"predecessor-version":[{"id":1199,"href":"http:\/\/poetz.from-de.com\/wordpress\/wp-json\/wp\/v2\/pages\/10\/revisions\/1199"}],"up":[{"embeddable":true,"href":"http:\/\/poetz.from-de.com\/wordpress\/wp-json\/wp\/v2\/pages\/805"}],"wp:featuredmedia":[{"embeddable":true,"href":"http:\/\/poetz.from-de.com\/wordpress\/wp-json\/wp\/v2\/media\/452"}],"wp:attachment":[{"href":"http:\/\/poetz.from-de.com\/wordpress\/wp-json\/wp\/v2\/media?parent=10"}],"curies":[{"name":"wp","href":"https:\/\/api.w.org\/{rel}","templated":true}]}}